3*u + 98 = -20*i, i = -5*u + 7*u + 8. What is b(i)?
0
Let m = -92 - -93. Suppose 4*j - 11 = k, -4*k + 5 = 5*j - 14. Let b(v) = v**2 + m - j*v**2 + v**2. Determine b(-3).
-8
Suppose -46*n + 29*n + 174 = 41*n. Let y(f) = 5*f**2 - 3*f + 4. Let w(b) = b**2 + b - 1. Let t(l) = -3*w(l) + y(l). Give t(n).
7
Let p(k) = -50*k + 147. Let d be p(12). Let v = d + 451. Let i(c) = -2*c + 1. Let t(a) = 2*a - 2. Let z(l) = -5*i(l) - 4*t(l). Calculate z(v).
-1
Let y be (8/(-36)*-48)/((-3)/(-9)). Let i(d) = y - 13 - 16 - 7*d. Calculate i(2).
-11
Let g(m) = m + 3. Let p(w) be the third derivative of w**4/6 + 13*w**3/6 + 2*w**2 + 39*w. Let u(t) = 9*g(t) - 2*p(t). What is u(0)?
1
Let t = 14577/4166 - -2/2083. Let i(v) be the second derivative of t*v**2 + 1/12*v**4 - 7/6*v**3 + 17*v + 0. Give i(7).
7
Let p(r) = -r + 9. Let i(l) = -l - 1. Let g(y) = 3*i(y) + p(y). Suppose 2*u = -5*x + 4, -4*x + 36 = -5*u - 20. Determine g(x).
-10
Let o(u) = -17*u**2 - 13*u**2 + 45*u**2 + 1 - 3 - u**3 - 14*u**2. Let g be (3/9)/(3/27). Let j = g - 1. Give o(j).
-6
Suppose 5*b - 5*n = 20, -11*b + n = -6*b - 16. Let d(w) be the second derivative of 0 - 2*w**2 + 2*w + 2/3*w**3. Give d(b).
8
Let n(z) = -1168 + z**2 + 3521 - 1172 - 1165 - 4*z. Calculate n(5).
21
Suppose 9*a - 3*z - 598 = 4*a, -5*z = -20. Let j = -131 + a. Let r(b) = -b - 11. Calculate r(j).
-2
Let l(h) = -h - 3. Let k = -241 + 251. Let g(o) = -o**2 + 0*o**2 + 11*o - 10 + 0*o**2. Let d be g(k). Give l(d).
-3
Let t(s) = -2*s**2 - 16*s - 5. Let c be (-18)/(-12)*96/(-18). Determine t(c).
-5
Let q(r) = -r**3 - 25*r**2 + 23*r - 75. Let l be q(-26). Let a(v) = v**3 + l*v**2 + 6*v + 5 + 7*v - v - 16*v. Determine a(-4).
5
Let c(q) = -170 + 0*q - 16*q - 80 + 239. Determine c(-6).
85
Let v(z) = -13*z + 5. Let l(d) = -24*d + 11. Let m(x) = -2*l(x) + 5*v(x). What is m(5)?
-82
Let u(p) = 3*p**3 + 8*p**2 + 6*p - 15. Let a(c) = -4*c**3 - 9*c**2 - 6*c + 22. Let o(h) = 2*a(h) + 3*u(h). Let l be -2*(-2)/((-24)/30). What is o(l)?
-6
Let p(x) = -x**2 - 7*x - 1. Suppose 10*y - 108 - 42 = 0. Suppose 4*q - 17 = y. Suppose k = 5*l - 5 - q, k = -2*l - 6. Give p(k).
-9
Let p = -647 + 662. Let n(a) = a**3 - 15*a**2 + 4*a - 54. Calculate n(p).
6
Let r(s) be the second derivative of -s**5/20 - 5*s**4/6 - 3*s**3/2 - s**2 - 2448*s. Determine r(-9).
-2
Suppose -22*q = -84 - 26. Let k(t) = -97 - 2*t + 34 + 31 + t + 33. What is k(q)?
-4
Let t = 22390 + -22407. Let l(n) = -n**2 - 37*n - 344. Determine l(t).
-4
Let l(f) = f**3 + 10*f**2 + 7*f - 7. Suppose -4*z = -6*z + 30. Let q = 40 + z. Suppose 0 = 5*v - 2*i + q, 0*v - v - 2*i = -1. Determine l(v).
11
Let m(d) = -d**3 - 35*d**2 + 35*d - 32. Let f be m(-36). Let g(u) = 1160*u**2 - f*u + 7 - 1159*u**2 + 5*u. Calculate g(0).
7
Let y(n) = -9 - 291*n - 6 + 590*n + 2*n**3 - 303*n + 5*n**2 - n**3. Calculate y(-5).
5
Let w(m) = m**2 + m. Let h = 87 + -52. Suppose k - 2*z = 2*z - h, -z + 1 = 0. Let s = k - -27. Determine w(s).
12
Suppose 17 = h + j, 0 = 5*h + 4*j - 43 - 40. Let x be (-2 + h/6)*2. Let v(z) = -2*z + 2. Let g(r) = -11*r + 11. Let q(d) = -g(d) + 6*v(d). What is q(x)?
0
Let c(h) = -3*h**3 - 3*h**2 - h - 4. Let d(u) = -32 - 31 - u**2 + 62. Let s(i) = -c(i) + 4*d(i). Let n be (-1)/2 + 36/24. Give s(n).
3
Let m(o) = -4*o - 26. Let v be m(-8). Let w(l) = -7 + v*l + 3*l - 4*l - l + 6*l. Give w(5).
43
Let z(g) = g**3 - 15*g**2 + 49*g + 11. Let r(a) = 38*a + 124. Let l be r(-3). Calculate z(l).
1
Suppose -2*z + 3*b + 1 = -1, -3*z - 17 = -2*b. Let m(o) = -o**3 - 15*o**2 - 41*o + 22. Calculate m(z).
-11
Suppose 13 = -j - 2*s, 3*j - 3*s - 17 = 4*j. Let l be -3*10*j/30. Let z(v) be the first derivative of -v**4/4 + 2*v**3 - 3*v**2 - 7*v - 1. Calculate z(l).
-12
Suppose 333 + 275 = 8*z. Let d = 72 - z. Let s(i) = i**3 + 3*i**2 - i. Give s(d).
-12
Let d(q) be the second derivative of -44*q - 1/30*q**5 + 0*q**2 - 1/720*q**6 + 0*q**3 - 5/2*q**4 + 0. Let b(t) be the third derivative of d(t). Calculate b(-7).
3
Let x(o) = 375*o**2 - 3*o + 128. Let u(h) = -268*h**2 + 2*h - 86. Let f(j) = 7*u(j) + 5*x(j). Determine f(-8).
-18
Let a be (4 + 15/6 + 2)*2. Suppose 4*n + a = 37. Let s(w) = -9 + w - n + 16 - 6. What is s(-6)?
-10
Let x(g) = -g**3 - 31*g**2 - 168*g + 5. Let q be x(-24). Let m(b) = -27*b + 131. Calculate m(q).
-4
Let l(i) = 10*i**2 + 1. Let n(k) = 25*k**2 - k + 3. Let u(t) = 2*l(t) - n(t). Calculate u(-1).
-7
Let y(i) be the first derivative of -i**4/2 + 28*i**3/3 - i**2 + 15*i - 2697. Determine y(14).
-13
Let t(p) = 31*p + 1. Let m be 1/((-1)/4*-2*(-62)/(-62)). Calculate t(m).
63
Suppose -90 - 29 = -17*d. Suppose -13*r - 3*m + d = -14*r, -r = 2*m - 8. Let t(q) = -4*q**3 + 2*q**2. Give t(r).
-24
Let q(c) = c**2 - c - 12. Let k be q(4). Suppose k = 5*t - 9*t + 128. Let h = -27 + t. Let s(u) = -3*u + 3. Calculate s(h).
-12
Let v(w) = 4*w - 17. Let b be v(5). Suppose -2*x + 1 = -4*a + b, 2*a + 29 = -5*x. Let l(d) = d + 4. Calculate l(x).
-1
Let j(r) = -5*r + 2. Let a(k) = -11*k + 3. Let i be 9*2*6/(-12). Let h(n) = i*j(n) + 4*a(n). Let p = -19 - -19. What is h(p)?
-6
Suppose 5*t + 42 = 6*t. Let i = t + -27. Suppose i = 3*q - o, q + q = o + 11. Let s(u) = -u**3 + 4*u**2 + u - 5. Determine s(q).
-1
Let x(y) = -7 + 5*y - 59180*y**2 + 59173*y**2 + 5*y**3 - 4*y**3. What is x(4)?
-35
Let j(c) be the first derivative of -4*c**3/3 + 7*c - 3276. What is j(-4)?
-57
Let f(j) be the third derivative of -j**7/1680 + j**6/360 + 7*j**5/12 - j**4/8 - 94*j**2. Let g(c) be the third derivative of f(c). Determine g(-1).
5
Let l(s) be the third derivative of 39*s**2 + 1/3*s**4 - 7/60*s**5 + 0*s**3 + 0*s - 1/120*s**6 + 0. Determine l(-8).
0
Let q(l) = l**3 - 4*l + 1. Let k = 247 - 173. Suppose 4*r - k = -62. Calculate q(r).
16
Let s(d) = -13*d + 49 + 26*d - 33 - 19*d. Calculate s(0).
16
Let i(h) be the third derivative of -h**5/60 + 7*h**4/6 - 27*h**3/2 + h**2 + 179*h. What is i(25)?
-6
Let k(l) = 14*l + 14. Let q(j) = 25*j + 26. Let f(r) = -11*k(r) + 6*q(r). Let z(w) = -w - 6. Let d be z(-5). Give f(d).
6
Let g(q) be the third derivative of -q**5/60 + 17*q**4/24 + 47*q**3/3 - 81*q**2 - q. Give g(21).
10
Let i(m) = m**2 - 12*m - 52. Let f(t) = 6*t**2 - 59*t - 270. Let q(g) = -2*f(g) + 11*i(g). Calculate q(-12).
-8
Let k(f) = -5*f + 10. Let h be ((-30)/(-9))/(85/(-102)). Give k(h).
30
Let o(f) = 10*f - 21. Let c(y) = 7*y - 13. Let b = -37 - -42. Let d(m) = b*o(m) - 7*c(m). Determine d(7).
-7
Suppose -22*u = -23*u + 3. Suppose 14 = -5*q - 7*f + 5*f, -u*q - 2*f - 6 = 0. Let h(v) = -2*v**3 - 6*v**2 - 3*v - 6. Calculate h(q).
38
Let b(a) = 2*a**3 - a**2 + a + 3. Let l be b(3). Suppose 63 = -3*c + l. Let u(z) = -2*z**2 - 5*z - 2. Calculate u(c).
-14
Let o(r) = -13*r**3 + 2*r**2 + r - 4. Let n(v) = 53*v**3 - 8*v**2 - 3*v + 18. Let f(d) = -3*n(d) - 13*o(d). Determine f(-1).
-10
Let a(z) = 6*z - 20. Suppose -4*f - 7*h = -9*h - 40, h = -5*f + 36. Calculate a(f).
28
Let i(o) = 4*o + 20. Let m be i(-6). Let j(r) = 3*r**2 + 8*r. Let t be j(m). Let w be t/4 - 7 - 4. Let c(l) = l**2 + 9*l + 10. Give c(w).
-4
Let l(g) = 2*g**2 - 6*g - 2. Suppose 0*h - 16 = -4*h. Let o(w) = -4*w**2 + 11*w + 5. Let f(n) = h*o(n) + 7*l(n). Determine f(-2).
-6
Let d(q) be the second derivative of 1/6*q**3 + 1 + q + q**2 - 1/4*q**4 + 1/5*q**5. Give d(2).
24
Let f(t) = t**2 + 40*t + 42. Suppose 0 = -2*l + 3*i - 67 - 14, -i = 2*l + 77. Determine f(l).
3
Let a(o) = -o + 7. Suppose 4*b - 2*c + 6 = 0, 4*c = -b - 0*c - 6. Let x be 6/(-24) - b/8. What is a(x)?
7
Let d(v) be the third derivative of -v**4/24 + 5*v**3/6 + 5*v**2. Let z(y) = -y**2 + 40*y - 43. Let l be z(39). What is d(l)?
9
Suppose -13 + 34 = 7*p. Let k(h) = -8*h + 9*h + 6*h + 6 - 5*h**2 + 11*h**2 - h**p. Determine k(7).
6
Let d(q) = q - 22. Suppose 0 = -8*m - 10*m + 378. Let s be (3 - 2)*66/(-11) + m. What is d(s)?
-7
Let t(d) = -74*d + 1. Let w(n) = -60*n + 1. Let q(b) = -4*t(b) + 5*w(b). Let x be ((-2)/3)/((-16)/72). Calculate q(x).
-11
Let w(n) = 2*n + 2 + 6 - 3*n. Let c(z) = -30*z + 220. Let l(q) = 15*q - 109. Let b(k) = 4*c(k) + 9*l(k). Let u be b(7). Calculate w(u).
4
Let n(b) = -b**2 - 19*b - 90. Let v = -15820 + 15808. Give n(v).
-6
Let v(s) be the first derivative of -s**4/2 + 5*s**2/2 + 4*s + 3560. Give v(-1).
1
Let b(x) be the first derivative of x**2/2 - 8*x - 2093. Let u = 13 + -7. Give b(u).
-2
Let